{"id":1326,"date":"2026-02-09T23:41:43","date_gmt":"2026-02-09T23:41:43","guid":{"rendered":"https:\/\/amplifybusiness.pro\/cistoispremno\/services\/"},"modified":"2026-02-10T20:55:19","modified_gmt":"2026-02-10T20:55:19","slug":"usluge","status":"publish","type":"page","link":"http:\/\/amplifybusiness.pro\/cistoispremno\/usluge\/","title":{"rendered":"Usluge"},"content":{"rendered":"<div data-spectra-id=\"spectra-mfmg2njs-c6037v\"\tstyle=\"overflow: visible; --spectra-background-color: var(--ast-global-color-7); --spectra-overlay-opacity: 0.3;\" class=\"spectra-is-root-container alignfull spectra-overlay-color spectra-overflow spectra-background-color spectra-dim-ratio wp-block-spectra-container\" data-orientation=\"vertical\"\t>\n\t\n\t<h1 data-spectra-id=\"8a1eebc0\" style=\"--spectra-text-color: #ffffff\" class=\"has-text-color spectra-text-color has-text-align-center wp-block-spectra-content has-text-color has-ffffff-color has-background has-linear-gradient-90-deg-rgb-155-81-224-0-rgb-6-147-227-100-gradient-background\">\n\t\tNa\u0161e usluge\t<\/h1>\n\n<\/div>\n\n\n<div data-spectra-id=\"85cb16ef\"\tstyle=\"overflow: visible; --spectra-overlay-opacity: 1;\" class=\"spectra-is-root-container alignfull spectra-overlay-color spectra-overflow spectra-dim-ratio wp-block-spectra-container\" data-orientation=\"vertical\"\t>\n\t\n<div data-spectra-id=\"spectra-mfmi8tyb-md08bl\" style=\"overflow: visible\" class=\"spectra-overlay-color spectra-overflow wp-block-spectra-container\" data-orientation=\"horizontal\">\n\t\n<div data-spectra-id=\"67f0d341\" style=\"overflow: visible;--spectra-overlay-opacity: 1\" class=\"spectra-overlay-color spectra-overflow spectra-dim-ratio wp-block-spectra-container\" data-orientation=\"vertical\">\n\t\n\n<figure data-spectra-id=\"spectra-mfyuywbd-jwgwdh\" class=\"wp-block-image alignright size-full\"><img loading=\"lazy\" decoding=\"async\" width=\"1350\" height=\"1688\" src=\"http:\/\/amplifybusiness.pro\/cistoispremno\/wp-content\/uploads\/2026\/02\/cistoispremno-zavese.webp\" alt=\"cistoispremno zavese\" class=\"wp-image-2785\" title=\"\" srcset=\"http:\/\/amplifybusiness.pro\/cistoispremno\/wp-content\/uploads\/2026\/02\/cistoispremno-zavese.webp 1350w, http:\/\/amplifybusiness.pro\/cistoispremno\/wp-content\/uploads\/2026\/02\/cistoispremno-zavese-240x300.webp 240w, http:\/\/amplifybusiness.pro\/cistoispremno\/wp-content\/uploads\/2026\/02\/cistoispremno-zavese-819x1024.webp 819w, http:\/\/amplifybusiness.pro\/cistoispremno\/wp-content\/uploads\/2026\/02\/cistoispremno-zavese-768x960.webp 768w, http:\/\/amplifybusiness.pro\/cistoispremno\/wp-content\/uploads\/2026\/02\/cistoispremno-zavese-1228x1536.webp 1228w\" sizes=\"auto, (max-width: 1350px) 100vw, 1350px\" \/><\/figure>\n\n<\/div>\n\n\n<div data-spectra-id=\"f8f7635e\" style=\"overflow: visible;--spectra-overlay-opacity: 1\" class=\"spectra-overlay-color spectra-overflow spectra-dim-ratio wp-block-spectra-container\" data-orientation=\"vertical\">\n\t\n<div data-spectra-id=\"spectra-5f5be6e2-b131-root\" style=\"overflow: visible\" class=\"spectra-overlay-color spectra-overflow wp-block-spectra-container\" data-orientation=\"vertical\">\n\t\n\t<h4 data-spectra-id=\"spectra-5f5be6e2-b131-prefix\" style=\"--spectra-text-color: ast-global-color-2\" class=\"has-text-color has-link-color spectra-text-color wp-elements-e69ad0cdea9a930369cbd9d7968ea2ef wp-block-spectra-content has-text-color has-ast-global-color-2-color\">\n\t\tPranje, su\u0161enje i peglanje zavesa\t<\/h4>\n\n\n\t<p data-spectra-id=\"spectra-5f5be6e2-b131-title\" class=\"wp-block-spectra-content\">\n\t\tVa\u017enost pranja ZAVESA\u2b07\ufe0f<br><br>\u2022Pranje zavesa je va\u017eno za odr\u017eavanje \u010disto\u0107e i zdravlja u domu.<br>\u2022Zavese tokom vremena skupljaju pra\u0161inu, grinje, polen i neprijatne mirise, \u0161to mo\u017ee negativno uticati na kvalitet vazduha u prostoriji i izazvati alergije ili probleme sa disanjem.<br>\u2022Redovnim pranjem zavesa uklanjaju se ne\u010disto\u0107e i bakterije, prostor izgleda sve\u017eije i urednije, a tkanina du\u017ee zadr\u017eava lep izgled i boju.<br>\u2022\u010ciste zavese doprinose prijatnijoj atmosferi u domu i stvaraju ose\u0107aj higijene i komfora.<br><br>MI BRINEMO ZA VAS, da sve bude \u010cISTO I SPREMNO\ud83e\udd0d\t<\/p>\n\n<\/div>\n\n<\/div>\n\n<\/div>\n\n\n<div data-spectra-id=\"spectra-08156183-74a9-4171-a7da-d9b343bd3fcf\" style=\"overflow: visible\" class=\"spectra-overlay-color is-horizontal-desktop is-horizontal-tablet is-vertical-mobile spectra-overflow wp-block-spectra-container\" data-orientation=\"horizontal\">\n\t\n<div data-spectra-id=\"spectra-34b9d4c5-5992-4041-9545-28280c24b3aa\" style=\"overflow: visible;--spectra-overlay-opacity: 1\" class=\"spectra-overlay-color spectra-overflow spectra-dim-ratio wp-block-spectra-container\" data-orientation=\"vertical\">\n\t\n\n<figure data-spectra-id=\"spectra-mfyuywbg-din1jl\" class=\"wp-block-image alignright size-full\"><img loading=\"lazy\" decoding=\"async\" width=\"958\" height=\"1190\" src=\"https:\/\/amplifybusiness.pro\/cistoispremno\/wp-content\/uploads\/2026\/02\/slanje-obuce.webp\" alt=\"slanje obuce\" class=\"wp-image-2847\" title=\"\" srcset=\"http:\/\/amplifybusiness.pro\/cistoispremno\/wp-content\/uploads\/2026\/02\/slanje-obuce.webp 958w, http:\/\/amplifybusiness.pro\/cistoispremno\/wp-content\/uploads\/2026\/02\/slanje-obuce-242x300.webp 242w, http:\/\/amplifybusiness.pro\/cistoispremno\/wp-content\/uploads\/2026\/02\/slanje-obuce-824x1024.webp 824w, http:\/\/amplifybusiness.pro\/cistoispremno\/wp-content\/uploads\/2026\/02\/slanje-obuce-768x954.webp 768w\" sizes=\"auto, (max-width: 958px) 100vw, 958px\" \/><\/figure>\n\n<\/div>\n\n\n<div data-spectra-id=\"spectra-e5259319-3861-44fe-9997-12d7d55e8768\" style=\"overflow: visible;--spectra-overlay-opacity: 1\" class=\"spectra-overlay-color spectra-overflow spectra-dim-ratio wp-block-spectra-container\" data-orientation=\"vertical\">\n\t\n<div data-spectra-id=\"spectra-de449bfb-e2f2-4b77-bee9-c5f4289fab06\" style=\"overflow: visible\" class=\"spectra-overlay-color spectra-overflow wp-block-spectra-container\" data-orientation=\"vertical\">\n\t\n\t<h4 data-spectra-id=\"spectra-4427fcba-7c47-4ca3-a162-14e91ec835bb\" style=\"--spectra-text-color: ast-global-color-2\" class=\"has-text-color has-link-color spectra-text-color wp-elements-55d1342fb141dc02fda477aad66ffb30 wp-block-spectra-content has-text-color has-ast-global-color-2-color\">\n\t\t\u010ci\u0161\u0107enje obu\u0107e\t<\/h4>\n\n\n\t<p data-spectra-id=\"spectra-837389fd-768e-4704-90f6-d137308b7894\" class=\"wp-block-spectra-content\">\n\t\tMi brinemo o va\u0161oj obu\u0107i.<br><br><strong>Va\u017eno je brinuti o obu\u0107i i o\u010duvanju iste iz vi\u0161e razloga:<br><\/strong><br>1\ufe0f\u20e3 Trajnost i u\u0161teda novca \u2013 Pravilnim odr\u017eavanjem obu\u0107a du\u017ee traje, pa je ne mora\u0161 \u010desto menjati ili kupovati novu.<br><br>2\ufe0f\u20e3 Zdravlje stopala \u2013 \u010cista i dobro o\u010duvana obu\u0107a poma\u017ee u spre\u010davanju gljivica, neprijatnih mirisa i problema sa stopalima.<br><br>3\ufe0f\u20e3 Udobnost i funkcionalnost \u2013 Odr\u017eavana obu\u0107a zadr\u017eava svoj oblik i namenu (npr. sportska obu\u0107a bolje \u0161titi stopalo).<br><br>4\ufe0f\u20e3Izgled i higijena \u2013 \u010cista i uredna obu\u0107a ostavlja bolji utisak i pokazuje brigu o li\u010dnoj higijeni.<br><br>5\ufe0f\u20e3Briga o okolini \u2013 Produ\u017eavanjem veka obu\u0107e smanjuje se otpad i negativan uticaj na prirodu.<br><br>\u203c\ufe0fSLANJE OBU\u0106E IZ CELE SRBIJE\u203c\ufe0f<br>\t<\/p>\n\n<\/div>\n\n\n<div data-spectra-id=\"spectra-af535cdf-c82a-4706-9c48-147c483ef4fb\" style=\"overflow: visible\" class=\"spectra-overlay-color spectra-overflow wp-block-spectra-container\" data-orientation=\"vertical\">\n\t\n\t<h3 data-spectra-id=\"spectra-9597fe52-d769-47d1-adbc-fc3abc035db8\" style=\"--spectra-text-color: ast-global-color-2\" class=\"has-text-color has-link-color spectra-text-color wp-elements-d1dabe35a47a5b00b3ff44adf916aeba wp-block-spectra-content has-text-color has-ast-global-color-2-color\">\n\t\tVe\u0107 od 2000 rsd\t<\/h3>\n\n<\/div>\n\n<\/div>\n\n<\/div>\n\n\n<div data-spectra-id=\"spectra-a0bd7746-9a4e-4ecf-a2bd-f17448624c84\" style=\"overflow: visible\" class=\"spectra-overlay-color spectra-overflow wp-block-spectra-container\" data-orientation=\"horizontal\">\n\t\n<div data-spectra-id=\"spectra-ab6912cf-a661-4896-b9e6-d544acaae474\" style=\"overflow: visible;--spectra-overlay-opacity: 1\" class=\"spectra-overlay-color spectra-overflow spectra-dim-ratio wp-block-spectra-container\" data-orientation=\"vertical\">\n\t\n\n<figure data-spectra-id=\"spectra-mfyuywbj-4zow7z\" class=\"wp-block-image alignright size-full\"><img loading=\"lazy\" decoding=\"async\" width=\"1440\" height=\"1440\" src=\"https:\/\/amplifybusiness.pro\/cistoispremno\/wp-content\/uploads\/2026\/02\/cistoispremno-iznajmljivanje-opreme.jpg\" alt=\"cistoispremno iznajmljivanje opreme\" class=\"wp-image-2800\" title=\"\" srcset=\"http:\/\/amplifybusiness.pro\/cistoispremno\/wp-content\/uploads\/2026\/02\/cistoispremno-iznajmljivanje-opreme.jpg 1440w, http:\/\/amplifybusiness.pro\/cistoispremno\/wp-content\/uploads\/2026\/02\/cistoispremno-iznajmljivanje-opreme-300x300.jpg 300w, http:\/\/amplifybusiness.pro\/cistoispremno\/wp-content\/uploads\/2026\/02\/cistoispremno-iznajmljivanje-opreme-1024x1024.jpg 1024w, http:\/\/amplifybusiness.pro\/cistoispremno\/wp-content\/uploads\/2026\/02\/cistoispremno-iznajmljivanje-opreme-150x150.jpg 150w, http:\/\/amplifybusiness.pro\/cistoispremno\/wp-content\/uploads\/2026\/02\/cistoispremno-iznajmljivanje-opreme-768x768.jpg 768w\" sizes=\"auto, (max-width: 1440px) 100vw, 1440px\" \/><\/figure>\n\n<\/div>\n\n\n<div data-spectra-id=\"spectra-78c0c776-c974-49d6-a0de-8148e5c09397\" style=\"overflow: visible;--spectra-overlay-opacity: 1\" class=\"spectra-overlay-color spectra-overflow spectra-dim-ratio wp-block-spectra-container\" data-orientation=\"vertical\">\n\t\n<div data-spectra-id=\"spectra-f73bf6c2-27a3-49ec-8068-2fa36fc635ab\" style=\"overflow: visible\" class=\"spectra-overlay-color spectra-overflow wp-block-spectra-container\" data-orientation=\"vertical\">\n\t\n\t<h4 data-spectra-id=\"spectra-503c7248-36a8-4b17-9846-bae11eb93cc6\" style=\"--spectra-text-color: ast-global-color-2\" class=\"has-text-color has-link-color spectra-text-color wp-elements-ceef5d3ac747b4bace0ae5837fb59c32 wp-block-spectra-content has-text-color has-ast-global-color-2-color\">\n\t\tNajam ma\u0161ina za dubinsko pranje name\u0161taja i tepiha\t<\/h4>\n\n\n\t<p data-spectra-id=\"spectra-8942f96d-fe39-4924-bf92-4bcd32afc934\" class=\"wp-block-spectra-content\">\n\t\tPouzdana usluga iznajmljivanja opreme za \u010di\u0161\u0107enje, namenjena efikasnom i prakti\u010dnom odr\u017eavanju razli\u010ditih prostora. Oprema je redovno servisirana, tehni\u010dki ispravna i jednostavna za upotrebu, uz mogu\u0107nost izbora prema konkretnim potrebama. <br><br>Obezbe\u0111uje kvalitetne rezultate \u010di\u0161\u0107enja uz fleksibilne uslove najma, kako za povremenu, tako i za dugotrajniju upotrebu.\t<\/p>\n\n<\/div>\n\n\n<div data-spectra-id=\"spectra-b8ca7482-60a5-42e4-812f-f768e12320eb\" style=\"overflow: visible\" class=\"spectra-overlay-color spectra-overflow wp-block-spectra-container\" data-orientation=\"vertical\">\n\t\n\t<h3 data-spectra-id=\"spectra-696b665a-daa7-4733-8d03-aa1c4eed82be\" style=\"--spectra-text-color: ast-global-color-2\" class=\"has-text-color has-link-color spectra-text-color wp-elements-79d983d4742f29b64abbe42416934d67 wp-block-spectra-content has-text-color has-ast-global-color-2-color\">\n\t\tOd 1800 rsd\t<\/h3>\n\n<\/div>\n\n<\/div>\n\n<\/div>\n\n\n<div data-spectra-id=\"spectra-9f289173-bd2b-473c-a87c-b06407accbf2\" style=\"overflow: visible\" class=\"spectra-overlay-color is-horizontal-desktop is-horizontal-tablet is-vertical-mobile spectra-overflow wp-block-spectra-container\" data-orientation=\"horizontal\">\n\t\n<div data-spectra-id=\"spectra-b81a3039-d267-4aa5-9a76-eeff37bb7293\" style=\"overflow: visible;--spectra-overlay-opacity: 1\" class=\"spectra-overlay-color spectra-overflow spectra-dim-ratio wp-block-spectra-container\" data-orientation=\"vertical\">\n\t\n\n<figure data-spectra-id=\"spectra-d1bc37e2-6019-42cd-a5db-fe9cf3c0be81\" class=\"wp-block-image alignright size-full\"><img loading=\"lazy\" decoding=\"async\" width=\"1172\" height=\"1456\" src=\"https:\/\/amplifybusiness.pro\/cistoispremno\/wp-content\/uploads\/2026\/02\/Screenshot-2026-02-10-at-1.51.14-AM.png\" alt=\"screenshot 2026 02 10 at 1.51.14\u202fam\" class=\"wp-image-2808\" title=\"\" srcset=\"http:\/\/amplifybusiness.pro\/cistoispremno\/wp-content\/uploads\/2026\/02\/Screenshot-2026-02-10-at-1.51.14-AM.png 1172w, http:\/\/amplifybusiness.pro\/cistoispremno\/wp-content\/uploads\/2026\/02\/Screenshot-2026-02-10-at-1.51.14-AM-241x300.png 241w, http:\/\/amplifybusiness.pro\/cistoispremno\/wp-content\/uploads\/2026\/02\/Screenshot-2026-02-10-at-1.51.14-AM-824x1024.png 824w, http:\/\/amplifybusiness.pro\/cistoispremno\/wp-content\/uploads\/2026\/02\/Screenshot-2026-02-10-at-1.51.14-AM-768x954.png 768w\" sizes=\"auto, (max-width: 1172px) 100vw, 1172px\" \/><\/figure>\n\n<\/div>\n\n\n<div data-spectra-id=\"spectra-58b5a8a2-cdfa-450f-82d7-4b4daf773ecf\" style=\"overflow: visible;--spectra-overlay-opacity: 1\" class=\"spectra-overlay-color spectra-overflow spectra-dim-ratio wp-block-spectra-container\" data-orientation=\"vertical\">\n\t\n<div data-spectra-id=\"spectra-cc4f1593-d851-470f-9d09-ad693a83f806\" style=\"overflow: visible\" class=\"spectra-overlay-color spectra-overflow wp-block-spectra-container\" data-orientation=\"vertical\">\n\t\n\t<h4 data-spectra-id=\"spectra-f54edb77-7e06-4b18-aa23-ea7ac9117a9a\" style=\"--spectra-text-color: ast-global-color-2\" class=\"has-text-color has-link-color spectra-text-color wp-elements-468a24a98e4311ba902eccc09c557304 wp-block-spectra-content has-text-color has-ast-global-color-2-color\">\n\t\tPremium nega opreme\t<\/h4>\n\n\n\t<p data-spectra-id=\"spectra-12751b7a-dd95-44aa-86b1-3aaf66376f4b\" class=\"wp-block-spectra-content\">\n\t\tVrhunski tretman koji va\u0161em komadu<br>vra\u0107a izgled novog<br><br>Nega koja je prilago\u0111ena svakom komadu:<br>\ud83e\ude96kacige<br>\ud83d\udc62\u010dizme<br>\ud83d\udc5fpatike<br>\ud83d\udc5ctorbe<br>\ud83d\ude97sedi\u0161ta za bebe<br><br>MI BRINEMO O VA\u0160OJ HIGIJENI\ud83d\ude07<br><br>Tu smo da uvek sve bude \u010cISTO I SPREMNO\ud83e\udd0d\t<\/p>\n\n<\/div>\n\n\n<div data-spectra-id=\"spectra-2dcd3d11-85e5-4e64-b290-da2b804bbd74\" style=\"overflow: visible\" class=\"spectra-overlay-color spectra-overflow wp-block-spectra-container\" data-orientation=\"vertical\">\n\t\n\t<h3 data-spectra-id=\"spectra-f02e35be-7696-4523-959c-58480f0d80b3\" style=\"--spectra-text-color: ast-global-color-2\" class=\"has-text-color has-link-color spectra-text-color wp-elements-84568f04f1c4483bc91e23f3d9d7d6d0 wp-block-spectra-content has-text-color has-ast-global-color-2-color\">\n\t\tVe\u0107 od 2000 rsd\t<\/h3>\n\n<\/div>\n\n<\/div>\n\n<\/div>\n\n\n<div data-spectra-id=\"spectra-9e5cd6a7-c690-45c7-ac8b-4676cb197489\" style=\"overflow: visible\" class=\"spectra-overlay-color spectra-overflow wp-block-spectra-container\" data-orientation=\"horizontal\">\n\t\n<div data-spectra-id=\"spectra-38c01470-dc47-4bc7-bae6-f29be867e98a\" style=\"overflow: visible;--spectra-overlay-opacity: 1\" class=\"spectra-overlay-color spectra-overflow spectra-dim-ratio wp-block-spectra-container\" data-orientation=\"vertical\">\n\t\n\n<figure data-spectra-id=\"spectra-661b025e-f142-452c-b1f2-377c6460ea6e\" class=\"wp-block-image alignright size-full\"><img loading=\"lazy\" decoding=\"async\" width=\"1320\" height=\"2266\" src=\"http:\/\/amplifybusiness.pro\/cistoispremno\/wp-content\/uploads\/2026\/02\/pranje-susenje-peglanje-odece-1.webp\" alt=\"pranje susenje peglanje odece\" class=\"wp-image-2844\" title=\"\" srcset=\"http:\/\/amplifybusiness.pro\/cistoispremno\/wp-content\/uploads\/2026\/02\/pranje-susenje-peglanje-odece-1.webp 1320w, http:\/\/amplifybusiness.pro\/cistoispremno\/wp-content\/uploads\/2026\/02\/pranje-susenje-peglanje-odece-1-175x300.webp 175w, http:\/\/amplifybusiness.pro\/cistoispremno\/wp-content\/uploads\/2026\/02\/pranje-susenje-peglanje-odece-1-597x1024.webp 597w, http:\/\/amplifybusiness.pro\/cistoispremno\/wp-content\/uploads\/2026\/02\/pranje-susenje-peglanje-odece-1-768x1318.webp 768w, http:\/\/amplifybusiness.pro\/cistoispremno\/wp-content\/uploads\/2026\/02\/pranje-susenje-peglanje-odece-1-895x1536.webp 895w, http:\/\/amplifybusiness.pro\/cistoispremno\/wp-content\/uploads\/2026\/02\/pranje-susenje-peglanje-odece-1-1193x2048.webp 1193w\" sizes=\"auto, (max-width: 1320px) 100vw, 1320px\" \/><\/figure>\n\n<\/div>\n\n\n<div data-spectra-id=\"spectra-2078f659-f963-4b07-abee-a8d827527327\" style=\"overflow: visible;--spectra-overlay-opacity: 1\" class=\"spectra-overlay-color spectra-overflow spectra-dim-ratio wp-block-spectra-container\" data-orientation=\"vertical\">\n\t\n<div data-spectra-id=\"spectra-3acfb523-b180-4abd-873e-a2ddc64c18fb\" style=\"overflow: visible\" class=\"spectra-overlay-color spectra-overflow wp-block-spectra-container\" data-orientation=\"vertical\">\n\t\n\t<h4 data-spectra-id=\"spectra-fb47c9ab-d5a6-43bd-9b1b-4c02ce1b76f3\" style=\"--spectra-text-color: ast-global-color-2\" class=\"has-text-color has-link-color spectra-text-color wp-elements-7078f8fcb0b49057062e06d882c91024 wp-block-spectra-content has-text-color has-ast-global-color-2-color\">\n\t\tPranje, su\u0161enje i peglanje ode\u0107e\t<\/h4>\n\n\n\t<p data-spectra-id=\"spectra-959106cf-6a11-491f-bc5e-0e83ec6465df\" class=\"wp-block-spectra-content\">\n\t\tNije samo <strong>\u010cISTO<\/strong> \u2014 ve\u0107 je i <strong>SPREMNO za no\u0161enje!<\/strong> \ud83d\ude09<br>Bez \u010dekanja, bez dodatnog posla i bez brige oko detalja.<br><br>\u2022 Profesionalno pranje, su\u0161enje i peglanje uz pa\u017eljivo odabrane programe \ud83d\udebf<br>\u2022 Brza i pouzdana usluga uz besprekorne rezultate \ud83d\udece\ufe0f<br>\u2022 Posebna pa\u017enja svakom komadu ode\u0107e, bez obzira na materijal \ud83e\ude84<br>\u2022 Iskustvo i poverenje koje garantuju uredan, sve\u017e i negovan izgled<br><br>Vi \u0161tedite vreme i energiju, a mi se brinemo da va\u0161a ode\u0107a bude savr\u0161eno oprana, osu\u0161ena i ispeglana \u2014 spremna za svaki dan ili posebne prilike.<br><br><strong>MI BRINEMO \u2014 VI U\u017dIVATE \ud83e\ude84<\/strong>\t<\/p>\n\n<\/div>\n\n<\/div>\n\n<\/div>\n\n<\/div>\n","protected":false},"excerpt":{"rendered":"","protected":false},"author":1,"featured_media":0,"parent":0,"menu_order":0,"comment_status":"closed","ping_status":"closed","template":"","meta":{"_uag_custom_page_level_css":"","site-sidebar-layout":"no-sidebar","site-content-layout":"page-builder","ast-site-content-layout":"full-width-container","site-content-style":"unboxed","site-sidebar-style":"unboxed","ast-global-header-display":"","ast-banner-title-visibility":"","ast-main-header-display":"","ast-hfb-above-header-display":"","ast-hfb-below-header-display":"","ast-hfb-mobile-header-display":"","site-post-title":"disabled","ast-breadcrumbs-content":"","ast-featured-img":"disabled","footer-sml-layout":"","ast-disable-related-posts":"","theme-transparent-header-meta":"enabled","adv-header-id-meta":"","stick-header-meta":"","header-above-stick-meta":"","header-main-stick-meta":"","header-below-stick-meta":"","astra-migrate-meta-layouts":"set","ast-page-background-enabled":"default","ast-page-background-meta":{"desktop":{"background-color":"var(--ast-global-color-4)","background-image":"","background-repeat":"repeat","background-position":"center center","background-size":"auto","background-attachment":"scroll","background-type":"","background-media":"","overlay-type":"","overlay-color":"","overlay-opacity":"","overlay-gradient":""},"tablet":{"background-color":"","background-image":"","background-repeat":"repeat","background-position":"center center","background-size":"auto","background-attachment":"scroll","background-type":"","background-media":"","overlay-type":"","overlay-color":"","overlay-opacity":"","overlay-gradient":""},"mobile":{"background-color":"","background-image":"","background-repeat":"repeat","background-position":"center center","background-size":"auto","background-attachment":"scroll","background-type":"","background-media":"","overlay-type":"","overlay-color":"","overlay-opacity":"","overlay-gradient":""}},"ast-content-background-meta":{"desktop":{"background-color":"var(--ast-global-color-5)","background-image":"","background-repeat":"repeat","background-position":"center center","background-size":"auto","background-attachment":"scroll","background-type":"","background-media":"","overlay-type":"","overlay-color":"","overlay-opacity":"","overlay-gradient":""},"tablet":{"background-color":"var(--ast-global-color-5)","background-image":"","background-repeat":"repeat","background-position":"center center","background-size":"auto","background-attachment":"scroll","background-type":"","background-media":"","overlay-type":"","overlay-color":"","overlay-opacity":"","overlay-gradient":""},"mobile":{"background-color":"var(--ast-global-color-5)","background-image":"","background-repeat":"repeat","background-position":"center center","background-size":"auto","background-attachment":"scroll","background-type":"","background-media":"","overlay-type":"","overlay-color":"","overlay-opacity":"","overlay-gradient":""}},"footnotes":""},"class_list":["post-1326","page","type-page","status-publish","hentry"],"uagb_featured_image_src":{"full":false,"thumbnail":false,"medium":false,"medium_large":false,"large":false,"1536x1536":false,"2048x2048":false},"uagb_author_info":{"display_name":"admin","author_link":"http:\/\/amplifybusiness.pro\/cistoispremno\/author\/admin\/"},"uagb_comment_info":0,"uagb_excerpt":null,"_links":{"self":[{"href":"http:\/\/amplifybusiness.pro\/cistoispremno\/wp-json\/wp\/v2\/pages\/1326","targetHints":{"allow":["GET"]}}],"collection":[{"href":"http:\/\/amplifybusiness.pro\/cistoispremno\/wp-json\/wp\/v2\/pages"}],"about":[{"href":"http:\/\/amplifybusiness.pro\/cistoispremno\/wp-json\/wp\/v2\/types\/page"}],"author":[{"embeddable":true,"href":"http:\/\/amplifybusiness.pro\/cistoispremno\/wp-json\/wp\/v2\/users\/1"}],"replies":[{"embeddable":true,"href":"http:\/\/amplifybusiness.pro\/cistoispremno\/wp-json\/wp\/v2\/comments?post=1326"}],"version-history":[{"count":13,"href":"http:\/\/amplifybusiness.pro\/cistoispremno\/wp-json\/wp\/v2\/pages\/1326\/revisions"}],"predecessor-version":[{"id":2850,"href":"http:\/\/amplifybusiness.pro\/cistoispremno\/wp-json\/wp\/v2\/pages\/1326\/revisions\/2850"}],"wp:attachment":[{"href":"http:\/\/amplifybusiness.pro\/cistoispremno\/wp-json\/wp\/v2\/media?parent=1326"}],"curies":[{"name":"wp","href":"https:\/\/api.w.org\/{rel}","templated":true}]}}